**2 - 6*h + 4. Let l be f(-7). Calculate the greatest common factor of l and p.
46
Let v(t) = t**3 + 19*t**2 - 41*t + 30. Let j be v(-21). What is the highest common factor of j and 1?
1
Suppose 0*i - 2 = -i. Suppose -4*t = -y - 23, -3*y + i = -t - 6. What is the greatest common factor of 14 and t?
7
Suppose -5*b = -756 + 126. Suppose 2*m = 5*m - 114. Suppose 3*k = -u + m, 0*u - 2*u = -2*k + 36. What is the greatest common divisor of b and k?
14
Let f = -115 + 295. Suppose 2*i + 3*i - f = 0. Suppose 3*l = 2*b + b - i, -5*b - 2*l = -46. What is the greatest common divisor of b and 10?
10
Let j = 13 + 130. Let o = 13 + 61. Suppose 5*g + 54 = 3*s - 0*s, -5*s = -3*g - o. What is the highest common divisor of j and s?
13
Suppose 2*i + 5*c = -43, c - 15 - 25 = 5*i. Let b be 72/28 + 2 + i/(-21). What is the highest common divisor of 55 and b?
5
Let t be ((-3)/(7 - 4))/((-5)/1665). Calculate the highest common factor of 37 and t.
37
Suppose 35 = 4*k + 3*i, 0 = k - 5*i - 28 + 2. Suppose -9*j + 299 = k. Let l(c) = 2*c**2 + c - 2. Let z be l(-2). Calculate the highest common factor of z and j.
4
Let l be (912/56)/(3/14). Calculate the greatest common divisor of 209 and l.
19
Let x(w) = 7*w - 2. Let s(f) = f. Let m(t) = -3*s(t) + x(t). Let c be m(5). Suppose 3*z - 170 = -89. What is the highest common factor of c and z?
9
Suppose 0 = 4*l - 0*l + 12. Let x be 5*(1 + l + 7). Suppose 164 = b - 111. What is the highest common divisor of x and b?
25
Let n(c) = c**3 - 14*c**2 - 12*c - 16. Let z be n(15). Suppose -35 = -3*l - z. What is the greatest common divisor of 22 and l?
2
Suppose -4*r + 2*r - 4 = 0, -2*r = -3*s + 28. Calculate the highest common divisor of s and 24.
8
Suppose -5*d = 5*h - 25, -3*h - 3 + 34 = 5*d. Let a(l) = 10*l + 6 - 5 + 15*l - 2. Let j be a(1). What is the highest common factor of j and d?
8
Let b(a) = 10*a - 4. Suppose -13*g + 80 = -5*g. Let w be b(g). What is the highest common divisor of w and 12?
12
Suppose 0 = -p - 0*p + 20. Let s(d) be the second derivative of -d**3/3 + 3*d**2/2 + 5*d. Let u be s(-1). Calculate the highest common divisor of p and u.
5
Let f be 11/66 + (-38)/12. Let a be (0 - f - 4)*-57. What is the greatest common divisor of 38 and a?
19
Let y(v) = -134*v - 1. Let o be 1 + (-3 - 1) + 2. Let j be 3*(0 + o) - -2. Let s be y(j). What is the greatest common factor of 19 and s?
19
Let k(b) = 2*b**2 + 8*b. Let s be k(-6). Suppose 2*m = s + 84. What is the highest common factor of 135 and m?
27
Suppose 0 = 6*f - 93 - 195. Calculate the highest common divisor of f and 304.
16
Let t be 8/(-14) + (-8200)/(-287). Calculate the greatest common factor of 20 and t.
4
Suppose 26 = u - 34. Suppose -5*c + 7*v - 5*v = -94, 0 = c - 4*v - 8. What is the greatest common divisor of c and u?
20
Suppose 0 = -3*k + 3*g + 1263 + 1686, -4*k + 5*g = -3936. Calculate the greatest common divisor of 22 and k.
11
Suppose 2*i - 15 = 5*i. Let x = 11 - i. What is the greatest common factor of 128 and x?
16
Suppose -4*z = -6*z - 114. Let j = z + 29. Let g be (-9)/(1 - j/(-16)). What is the highest common factor of 96 and g?
12
Suppose 2 + 11 = r. Let a be 1/8 + (-36976)/(-128). Suppose -a = -8*k + 23. Calculate the highest common divisor of r and k.
13
Let u(o) = -11*o + 696. Let y be u(61). Calculate the greatest common divisor of y and 2425.
25
Let j(v) = v**3 + 8*v**2 - 3*v + 3. Let k be j(-8). Suppose -4*u + 33 = -k. Suppose -w + u = 2*w. Calculate the greatest common factor of w and 25.
5
Let v be 20 + 0/(-1 - -4). Suppose 5*i + 8 = -3*p, -2*p = -2*i - 6*p - 6. Let q be 1 + 5 + -1 + i. Calculate the highest common divisor of q and v.
4
Suppose 0*w - 3*w = -99. Suppose 5*m - 3*m + 5*a = 25, 0 = -2*m + 5*a + 75. Let d = m + -3. Calculate the greatest common divisor of d and w.
11
Let h be (-41)/82*144/(-1). What is the greatest common factor of h and 54?
18
Let m = -68 + 96. Suppose -3*s + m = -8. Calculate the highest common factor of s and 3.
3
Let h(o) = 23*o - 16. Let x be h(5). Suppose 4*j - j = x. Let p(m) = -m**3 - 10*m**2 - 18*m - 5. Let w be p(-8). What is the highest common factor of j and w?
11
Let k(j) be the second derivative of -j**5/20 - 7*j**4/12 - 2*j**3/3 - 6*j**2 + 19*j. Let n be k(-7). Calculate the greatest common factor of n and 8.
8
Suppose -4*p = -218 - 86. Suppose 0 = -12*l + 22 + 50. Suppose l = -2*i, -3*b + 3*i + 69 = -i. Calculate the greatest common factor of p and b.
19
Let r = -427 - -477. What is the greatest common factor of r and 70?
10
Suppose 2*a = -3*o + 6, 13*o + 3 = a + 12*o. What is the highest common factor of a and 16?
1
Suppose 0 = 60*i - 55*i - 2*h - 84, 4*h = -8. What is the highest common divisor of 112 and i?
16
Let c = 37 - -8. Calculate the greatest common factor of c and 5.
5
Suppose -322 = -8*p - 98. Let j be (3*14/6)/1. What is the greatest common factor of p and j?
7
Suppose 128 = -25*f + 33*f. What is the highest common divisor of f and 16?
16
Let u be (-78 - -71) + 445 + -1 + 0. What is the highest common factor of u and 38?
19
Suppose 4*w = 4*q + 656, -5*q = 6*w - w - 870. What is the highest common factor of w and 13?
13
Suppose 100 = 2*f - 3*z, 14*f - 2*z = 10*f + 192. Calculate the greatest common factor of f and 517.
47
Let y(v) = 3*v + 20 - 2*v - 21. Let c be y(3). Suppose -c*l - 6 = -4*l. Calculate the highest common factor of 21 and l.
3
Let h be (5 - 15456/(-180)) + (-2)/(-15). Calculate the greatest common divisor of 39 and h.
13
Let d = 128 + -85. Let r(u) = u**2 + u - 3. Let m be r(-3). Suppose -d = m*v + 3*b - 337, -391 = -4*v - 5*b. Calculate the highest common divisor of 9 and v.
9
Suppose 4*u = c - 201, -c + 2*u + 573 = 2*c. Suppose 0 = -p + 4*p - c. Calculate the greatest common factor of 9 and p.
9
Let n be 8*(-1)/14*(-7)/1. What is the greatest common divisor of n and 32?
4
Let i be (-8)/(24/(-69)) - -4*1. What is the highest common divisor of i and 3?
3
Let k(p) = p + 5. Let g be k(-2). Suppose -g*r = o + 1, 3*o = 4*r + 11 - 1. Suppose 10 = 2*q + 3*q. What is the highest common divisor of o and q?
2
Suppose 3*x + 39 - 48 = 0. Let u be 408/5 + (-6)/10 + x. Calculate the highest common divisor of u and 28.
28
Let l = 492 + -459. Let r be (1 + 1)/(6/33). What is the highest common factor of r and l?
11
Suppose i - 5*p + 4*p - 173 = 0, -4*i = -3*p - 689. Calculate the greatest common divisor of i and 272.
34
Suppose 9*q - 4*q - 150 = 0. Suppose -17*s - 8*s + 152 + 223 = 0. What is the highest common divisor of q and s?
15
Let g(v) = v**3 + v + 1. Let y(t) = 5*t**3 + 8*t**2 + t - 4. Let n(p) = -6*g(p) + y(p). Let k be n(7). Calculate the greatest common divisor of k and 8.
4
Let z(y) = 4*y**2 - 10*y + 12. Let i be z(6). What is the greatest common divisor of 104 and i?
8
Let i be 20/((-7)/42 - -1). Let o be ((-267)/(-3))/(1 - 0). Suppose 0 = 2*l - o - 31. Calculate the highest common divisor of i and l.
12
Let o(x) = -3*x - 29. Let t be (-8)/(-36) + (-182)/9. Let y be o(t). What is the greatest common factor of y and 124?
31
Let n(i) = i**3 - 5*i**2 + 3. Let d be n(6). What is the highest common divisor of 26 and d?
13
Let y = -182 + 224. What is the greatest common factor of 14 and y?
14
Let l(z) = z**3 + 13*z**2 + 37*z + 8. Let f be l(-7). Calculate the highest common divisor of f and 43.
43
Let m(i) = -2*i**3 - 1 + 2*i - 3*i + 0*i**3 + 0*i**3. Let r be m(-2). Suppose 0 = -12*v + r*v - 285. Calculate the greatest common factor of 19 and v.
19
Suppose 2*b + 3*b - 200 = 0. Calculate the highest common divisor of b and 260.
20
Let z(w) = w**3 - w**2 - 4*w + 4. Let v be z(3). Suppose -3*r = -9*r + 6. Let f be (16/(-24))/(2/r)*-6. What is the highest common factor of v and f?
2
Let q(w) = -10*w**3 - 2*w. Let o be q(-1). Let k = 38 + -8. Calculate the highest common divisor of o and k.
6
Suppose -3*p + 4*i - 9 = 2, 0 = -5*p - 5*i + 40. Suppose b + 46 = p*q - 7, -6 = 3*b. Calculate the highest common divisor of 85 and q.
17
Suppose 85*u - 80*u - 90 = 0. Calculate the highest common divisor of u and 171.
9
Suppose 47 = g - 3*u, 52 + 23 = g + 4*u. Calculate the greatest common divisor of 118 and g.
59
Let d be (-1)/(-2*(-2)/12). Let h = d - -15. Let x be (h - -1) + (-3 - -2). What is the greatest common divisor of 12 and x?
12
Let f(o) = 2*o**3 - 29*o**2 + 17*o - 39. Let a be f(1